{"id":56,"date":"2021-01-15T18:49:30","date_gmt":"2021-01-15T17:49:30","guid":{"rendered":"https:\/\/www.arpeme.fr\/wordpress\/?page_id=56"},"modified":"2022-09-22T10:08:50","modified_gmt":"2022-09-22T08:08:50","slug":"adherer-a-larpeme","status":"publish","type":"page","link":"https:\/\/www.arpeme.fr\/wordpress\/adherer-a-larpeme\/","title":{"rendered":"Adh\u00e9rer \u00e0 l&rsquo;ARPEME"},"content":{"rendered":"\n<h4 class=\"wp-block-heading\">Pour adh\u00e9rer et acc\u00e9der \u00e0 l&rsquo;ensemble des ressources en ligne<\/h4>\n\n\n\n<p>Pour faire partie de l&rsquo;association, il faut en faire la demande et recevoir l&rsquo;agr\u00e9ment du bureau qui statue, lors de ses r\u00e9unions sur les demandes d&rsquo;admission pr\u00e9sent\u00e9es. Merci de vous inscrire avec<strong> une adresse mail professionnelle <\/strong>(@ac-xxx ou @univ-xxx)<\/p>\n\n\n\n<p>La cotisation annuelle est actuellement fix\u00e9e \u00e0 10\u20ac.<\/p>\n\n\n\n\n<form id=\"pms_register-form\" class=\"pms-form \" method=\"POST\">\n\n    \n    <input type=\"hidden\" id=\"pmstkn\" name=\"pmstkn\" value=\"0a86eb1c2b\" \/><input type=\"hidden\" name=\"_wp_http_referer\" value=\"\/wordpress\/wp-json\/wp\/v2\/pages\/56\" \/>\n    <ul class=\"pms-form-fields-wrapper\">\n\n        \n        \n        <div class=\"pms-account-section-wrapper\">\n            \n                        <li class=\"pms-field pms-user-login-field \">\n                <label for=\"pms_user_login\">Identifiant (Pr\u00e9nom Nom) *<\/label>\n                <input id=\"pms_user_login\" name=\"user_login\" type=\"text\" value=\"\" \/>\n\n                            <\/li>\n\n                        <li class=\"pms-field pms-user-email-field \">\n                <label for=\"pms_user_email\">E-mail *<\/label>\n                <input id=\"pms_user_email\" name=\"user_email\" type=\"text\" value=\"\" \/>\n\n                            <\/li>\n\n                        <li class=\"pms-field pms-first-name-field \">\n                <label for=\"pms_first_name\">Pr\u00e9nom<\/label>\n                <input id=\"pms_first_name\" name=\"first_name\" type=\"text\" value=\"\" \/>\n\n                            <\/li>\n\n                        <li class=\"pms-field pms-last-name-field \">\n                <label for=\"pms_last_name\">Nom<\/label>\n                <input id=\"pms_last_name\" name=\"last_name\" type=\"text\" value=\"\" \/>\n\n                            <\/li>\n\n                        <li class=\"pms-field pms-pass1-field \">\n                <label for=\"pms_pass1\">Mot de passe *<\/label>\n                <input id=\"pms_pass1\" name=\"pass1\" type=\"password\" \/>\n\n                \n                            <\/li>\n\n                        <li class=\"pms-field pms-pass2-field \">\n                <label for=\"pms_pass2\">Confirmer le mot de passe *<\/label>\n                <input id=\"pms_pass2\" name=\"pass2\" type=\"password\" \/>\n\n                            <\/li>\n\n                    <\/div>\n\n        \n        <li class=\"pms-field pms-field-subscriptions \"><div class=\"pms-subscription-plan pms-hidden pms-subscription-plan-119\"><input type=\"hidden\" name=\"subscription_plans\" data-price=\"10\" data-duration=\"365\" data-fixed_membership=\"\" data-allow_renew=\"\" data-sign_up_fee=\"0\" data-trial=\"0\" data-recurring=\"0\"  value=\"119\" \/><label><span class=\"pms-subscription-plan-name\">Adh\u00e9rent_ARPEME<\/span><span class=\"pms-subscription-plan-price\"><span class=\"pms-divider\"> - <\/span><span class=\"pms-subscription-plan-price-value\">10,00<\/span><span class=\"pms-subscription-plan-currency\">&#8364;<\/span><span class=\"pms-divider pms-duration-divider\"> \/ <\/span><span class=\"pms-subscription-plan-duration\">365 Jour<\/span><\/span><span class=\"pms-subscription-plan-trial\"><\/span><span class=\"pms-subscription-plan-sign-up-fee\"><\/span><\/label><div class=\"pms-subscription-plan-description\">Adh\u00e9sion annuelle ARPEME \u00e0 10\u20ac<\/div><\/div><div id=\"pms-subscription-plans-discount\"><label for=\"pms-subscription-plans-discount\">Code promotionnel :<\/label><input id=\"pms_subscription_plans_discount_code\" name=\"discount_code\" placeholder=\"Saisissez votre code promotionnel\" type=\"text\" value=\"\" \/><input id=\"pms-apply-discount\" class=\"pms-submit button\" type=\"submit\" value=\"Valider\"><\/span><\/div><div id=\"pms-subscription-plans-discount-messages-wrapper\"><div id=\"pms-subscription-plans-discount-messages\" ><\/div><div id=\"pms-subscription-plans-discount-messages-loading\">V\u00e9rification du code en cours...<\/div><\/div><\/li>\n    <\/ul>\n\n    <span id=\"pms-submit-button-loading-placeholder-text\" style=\"display: none;\">En cours. Patientez, s&#039;il vous pla\u00eet...<\/span><div class=\"pms-paygates-holder\"><div id=\"pms-paygates-wrapper\"><input type=\"hidden\" class=\"pms_pay_gate\" name=\"pay_gate\" value=\"manual\" data-sign_up_fee=\"1\" data-trial=\"1\" data-recurring=\"1\"  \/><\/div><\/div>\n            <input class=\"pms-form-submit\" name=\"pms_register\" type=\"submit\" value=\"S&#039;inscrire\" \/>\n    \n<\/form>\n\n","protected":false},"excerpt":{"rendered":"<p>Pour adh\u00e9rer et acc\u00e9der \u00e0 l&rsquo;ensemble des ressources en ligne Pour faire partie de l&rsquo;association, il faut en faire la demande et recevoir l&rsquo;agr\u00e9ment du bureau qui statue, lors de ses r\u00e9unions sur les demandes d&rsquo;admission pr\u00e9sent\u00e9es. Merci de vous inscrire avec une adresse mail professionnelle (@ac-xxx ou @univ-xxx) La cotisation annuelle est actuellement fix\u00e9e [&hellip;]<\/p>\n","protected":false},"author":3,"featured_media":0,"parent":0,"menu_order":0,"comment_status":"closed","ping_status":"closed","template":"","meta":{"footnotes":""},"class_list":["post-56","page","type-page","status-publish","hentry"],"jetpack-related-posts":[],"jetpack_sharing_enabled":true,"_links":{"self":[{"href":"https:\/\/www.arpeme.fr\/wordpress\/wp-json\/wp\/v2\/pages\/56","targetHints":{"allow":["GET"]}}],"collection":[{"href":"https:\/\/www.arpeme.fr\/wordpress\/wp-json\/wp\/v2\/pages"}],"about":[{"href":"https:\/\/www.arpeme.fr\/wordpress\/wp-json\/wp\/v2\/types\/page"}],"author":[{"embeddable":true,"href":"https:\/\/www.arpeme.fr\/wordpress\/wp-json\/wp\/v2\/users\/3"}],"replies":[{"embeddable":true,"href":"https:\/\/www.arpeme.fr\/wordpress\/wp-json\/wp\/v2\/comments?post=56"}],"version-history":[{"count":0,"href":"https:\/\/www.arpeme.fr\/wordpress\/wp-json\/wp\/v2\/pages\/56\/revisions"}],"wp:attachment":[{"href":"https:\/\/www.arpeme.fr\/wordpress\/wp-json\/wp\/v2\/media?parent=56"}],"curies":[{"name":"wp","href":"https:\/\/api.w.org\/{rel}","templated":true}]}}