{"id":1389,"date":"2023-06-30T09:45:33","date_gmt":"2023-06-30T07:45:33","guid":{"rendered":"https:\/\/www.arpeme.fr\/wordpress\/?post_type=product&#038;p=1389"},"modified":"2025-06-06T18:13:38","modified_gmt":"2025-06-06T16:13:38","slug":"document-cadre-pour-la-formation-des-professeurs-des-ecoles-a-lenseignement-des-mathematiques-version-numerique","status":"publish","type":"product","link":"https:\/\/www.arpeme.fr\/wordpress\/produit\/document-cadre-pour-la-formation-des-professeurs-des-ecoles-a-lenseignement-des-mathematiques-version-numerique\/","title":{"rendered":"Document-cadre pour la formation des professeurs des \u00e9coles \u00e0 l&rsquo;enseignement des math\u00e9matiques (version num\u00e9rique)"},"content":{"rendered":"<p>Version 4 du 17\/03\/2025<\/p>\n<p>Ouvrage gratuit hors frais d&rsquo;exp\u00e9dition<\/p>\n<p>Version Pdf t\u00e9l\u00e9chargeable<\/p>\n","protected":false},"excerpt":{"rendered":"<p>Version 4 du 17\/03\/2025 Ouvrage gratuit hors frais d&rsquo;exp\u00e9dition Version Pdf t\u00e9l\u00e9chargeable<\/p>\n","protected":false},"featured_media":3661,"comment_status":"closed","ping_status":"closed","template":"","meta":[],"product_brand":[],"product_cat":[60,19],"product_tag":[],"class_list":{"0":"post-1389","1":"product","2":"type-product","3":"status-publish","4":"has-post-thumbnail","6":"product_cat-brochures","7":"product_cat-brochures-et-materiel","9":"first","10":"instock","11":"sale","12":"downloadable","13":"virtual","14":"purchasable","15":"product-type-simple"},"jetpack-related-posts":[],"jetpack_sharing_enabled":true,"_links":{"self":[{"href":"https:\/\/www.arpeme.fr\/wordpress\/wp-json\/wp\/v2\/product\/1389","targetHints":{"allow":["GET"]}}],"collection":[{"href":"https:\/\/www.arpeme.fr\/wordpress\/wp-json\/wp\/v2\/product"}],"about":[{"href":"https:\/\/www.arpeme.fr\/wordpress\/wp-json\/wp\/v2\/types\/product"}],"replies":[{"embeddable":true,"href":"https:\/\/www.arpeme.fr\/wordpress\/wp-json\/wp\/v2\/comments?post=1389"}],"wp:featuredmedia":[{"embeddable":true,"href":"https:\/\/www.arpeme.fr\/wordpress\/wp-json\/wp\/v2\/media\/3661"}],"wp:attachment":[{"href":"https:\/\/www.arpeme.fr\/wordpress\/wp-json\/wp\/v2\/media?parent=1389"}],"wp:term":[{"taxonomy":"product_brand","embeddable":true,"href":"https:\/\/www.arpeme.fr\/wordpress\/wp-json\/wp\/v2\/product_brand?post=1389"},{"taxonomy":"product_cat","embeddable":true,"href":"https:\/\/www.arpeme.fr\/wordpress\/wp-json\/wp\/v2\/product_cat?post=1389"},{"taxonomy":"product_tag","embeddable":true,"href":"https:\/\/www.arpeme.fr\/wordpress\/wp-json\/wp\/v2\/product_tag?post=1389"}],"curies":[{"name":"wp","href":"https:\/\/api.w.org\/{rel}","templated":true}]}}