{"id":251,"date":"1990-03-28T16:02:53","date_gmt":"1990-03-28T14:02:53","guid":{"rendered":"https:\/\/www.arpeme.fr\/wordpress\/?post_type=product&#038;p=251"},"modified":"2023-01-11T09:15:33","modified_gmt":"2023-01-11T08:15:33","slug":"https-www-arpeme-fr-wordpress-wp-content-uploads-2022-03-concertum-pdf","status":"publish","type":"product","link":"https:\/\/www.arpeme.fr\/wordpress\/produit\/https-www-arpeme-fr-wordpress-wp-content-uploads-2022-03-concertum-pdf\/","title":{"rendered":"CONCERTUM"},"content":{"rendered":"<h1 style=\"text-align: center;\"><strong>CONCERTUM en espagnol<\/strong><\/h1>\n<p><img loading=\"lazy\" decoding=\"async\" class=\"size-full wp-image-253 aligncenter\" src=\"https:\/\/www.arpeme.fr\/wordpress\/wp-content\/uploads\/2022\/01\/concertumESPA.png\" alt=\"\" width=\"120\" height=\"138\" \/><\/p>\n<h2 style=\"text-align: center;\"><a href=\"https:\/\/www.arpeme.fr\/wordpress\/wp-content\/uploads\/2022\/01\/49BF78B139194A1EB599.pdf\">La ense\u00f1anza de las matem\u00e1ticas para alumnos de 2 a 12 a\u00f1os: herramientas para la formaci\u00f3n de profesores en Francia<\/a><a href=\"https:\/\/www.arpeme.fr\/wordpress\/wp-content\/uploads\/2022\/03\/Concertum.pdf\">Concertum<\/a><\/h2>\n<p>&nbsp;<\/p>\n","protected":false},"excerpt":{"rendered":"<h1 style=\"text-align: center;\"><strong>Dix ans de formation des professeurs des \u00e9coles en math\u00e9matiques<\/strong><\/h1>\n<h2 style=\"text-align: center;\"><a href=\"https:\/\/publimath.univ-irem.fr\/biblio\/IWO03001.htm\">SOMMAIRE fiche Publimath<\/a><\/h2>\n<h3 style=\"text-align: center;\"><a href=\"https:\/\/www.arpeme.fr\/wordpress\/wp-content\/uploads\/2022\/03\/Concertum.pdf\">T\u00e9l\u00e9chargement<\/a><\/h3>\n","protected":false},"featured_media":252,"comment_status":"open","ping_status":"closed","template":"","meta":[],"product_brand":[],"product_cat":[60,19],"product_tag":[49,53,35,48,52,43,50,51],"class_list":{"0":"post-251","1":"product","2":"type-product","3":"status-publish","4":"has-post-thumbnail","6":"product_cat-brochures","7":"product_cat-brochures-et-materiel","8":"product_tag-analyse-de-pratique","9":"product_tag-apprentissage","10":"product_tag-decimaux","11":"product_tag-didactique","12":"product_tag-espace","13":"product_tag-geometrie","14":"product_tag-grandeurs","15":"product_tag-mesure","17":"first","18":"instock","19":"shipping-taxable","20":"product-type-simple"},"jetpack-related-posts":[],"jetpack_sharing_enabled":true,"_links":{"self":[{"href":"https:\/\/www.arpeme.fr\/wordpress\/wp-json\/wp\/v2\/product\/251","targetHints":{"allow":["GET"]}}],"collection":[{"href":"https:\/\/www.arpeme.fr\/wordpress\/wp-json\/wp\/v2\/product"}],"about":[{"href":"https:\/\/www.arpeme.fr\/wordpress\/wp-json\/wp\/v2\/types\/product"}],"replies":[{"embeddable":true,"href":"https:\/\/www.arpeme.fr\/wordpress\/wp-json\/wp\/v2\/comments?post=251"}],"wp:featuredmedia":[{"embeddable":true,"href":"https:\/\/www.arpeme.fr\/wordpress\/wp-json\/wp\/v2\/media\/252"}],"wp:attachment":[{"href":"https:\/\/www.arpeme.fr\/wordpress\/wp-json\/wp\/v2\/media?parent=251"}],"wp:term":[{"taxonomy":"product_brand","embeddable":true,"href":"https:\/\/www.arpeme.fr\/wordpress\/wp-json\/wp\/v2\/product_brand?post=251"},{"taxonomy":"product_cat","embeddable":true,"href":"https:\/\/www.arpeme.fr\/wordpress\/wp-json\/wp\/v2\/product_cat?post=251"},{"taxonomy":"product_tag","embeddable":true,"href":"https:\/\/www.arpeme.fr\/wordpress\/wp-json\/wp\/v2\/product_tag?post=251"}],"curies":[{"name":"wp","href":"https:\/\/api.w.org\/{rel}","templated":true}]}}