{"id":3915,"date":"2025-10-16T16:49:05","date_gmt":"2025-10-16T14:49:05","guid":{"rendered":"https:\/\/www.arpeme.fr\/wordpress\/?post_type=product&#038;p=3915"},"modified":"2025-10-16T18:08:17","modified_gmt":"2025-10-16T16:08:17","slug":"annales-copirelem-pour-preparer-le-crpe-2026-version-pdf-adherents","status":"publish","type":"product","link":"https:\/\/www.arpeme.fr\/wordpress\/produit\/annales-copirelem-pour-preparer-le-crpe-2026-version-pdf-adherents\/","title":{"rendered":"Annales COPIRELEM pour pr\u00e9parer le CRPE 2026 &#8211; version pdf adh\u00e9rents"},"content":{"rendered":"<p><strong>Annales COPIRELEM pour pr\u00e9parer le CRPE 2026<\/strong><\/p>\n<p><strong><em>sujets du concours 2025 avec corrig\u00e9s d\u00e9taill\u00e9s<\/em><\/strong><\/p>\n<p><strong><em>compl\u00e9ments de formation<\/em><\/strong><\/p>\n<p><strong><em>sujets et corrig\u00e9s de la partie math\u00e9matique <\/em><\/strong><\/p>\n<p><strong><em>du concours interne exceptionnel<\/em><\/strong><\/p>\n<p><strong><em>exercices en vue du concours niveau licence<\/em><\/strong><\/p>\n<p><strong><em>(sujet \u00ab\u00a0z\u00e9ro\u00a0\u00bb + banque de \u00ab\u00a0vrai-faux-justifier\u00a0\u00bb)<\/em><\/strong><\/p>\n<p><strong>+ Exemples de sujets corrig\u00e9s pour pr\u00e9parer l&rsquo;\u00e9preuve orale du CRPE<\/strong> <a href=\"http:\/\/www.copirelem.fr\/\" target=\"_blank\" rel=\"noopener\"><img loading=\"lazy\" decoding=\"async\" class=\"wp-image-26 aligncenter\" src=\"https:\/\/www.arpeme.fr\/wordpress\/wp-content\/uploads\/2021\/01\/logo-copi.jpg.bmp\" alt=\"\" width=\"172\" height=\"108\" \/><\/a><\/p>\n","protected":false},"excerpt":{"rendered":"<p><strong>Annales COPIRELEM pour pr\u00e9parer les CRPE 2026<\/strong><\/p>\n<p><strong><em>sujets du concours 2025 avec corrig\u00e9s d\u00e9taill\u00e9s<\/em><\/strong><\/p>\n<p><strong><em>compl\u00e9ments de formation<\/em><\/strong><\/p>\n<p><strong><em>sujets et corrig\u00e9s de la partie math\u00e9matique <\/em><\/strong><\/p>\n<p><strong><em>du concours interne exceptionnel<\/em><\/strong><\/p>\n<p><strong><em>exercices en vue du concours niveau licence<\/em><\/strong><\/p>\n<p><strong><em>(sujet \u00ab\u00a0z\u00e9ro\u00a0\u00bb + banque de \u00ab\u00a0vrai-faux-justifier\u00a0\u00bb)<\/em><\/strong><\/p>\n<p>Exemples de sujets corrig\u00e9s pour <strong>pr\u00e9parer l&rsquo;\u00e9preuve orale du CRPE<\/strong><\/p>\n<p><a href=\"http:\/\/www.copirelem.fr\/\" target=\"_blank\" rel=\"noopener\"><img loading=\"lazy\" decoding=\"async\" class=\"alignnone wp-image-26\" src=\"https:\/\/www.arpeme.fr\/wordpress\/wp-content\/uploads\/2021\/01\/logo-copi.jpg.bmp\" alt=\"\" width=\"172\" height=\"108\" \/><\/a><\/p>\n","protected":false},"featured_media":3757,"comment_status":"closed","ping_status":"closed","template":"","meta":[],"product_brand":[],"product_cat":[20],"product_tag":[],"class_list":{"0":"post-3915","1":"product","2":"type-product","3":"status-publish","4":"has-post-thumbnail","6":"product_cat-ressources-adherents","7":"product_shipping_class-1vol-lv","9":"first","10":"instock","11":"featured","12":"downloadable","13":"virtual","14":"product-type-simple"},"jetpack-related-posts":[],"jetpack_sharing_enabled":true,"_links":{"self":[{"href":"https:\/\/www.arpeme.fr\/wordpress\/wp-json\/wp\/v2\/product\/3915","targetHints":{"allow":["GET"]}}],"collection":[{"href":"https:\/\/www.arpeme.fr\/wordpress\/wp-json\/wp\/v2\/product"}],"about":[{"href":"https:\/\/www.arpeme.fr\/wordpress\/wp-json\/wp\/v2\/types\/product"}],"replies":[{"embeddable":true,"href":"https:\/\/www.arpeme.fr\/wordpress\/wp-json\/wp\/v2\/comments?post=3915"}],"wp:featuredmedia":[{"embeddable":true,"href":"https:\/\/www.arpeme.fr\/wordpress\/wp-json\/wp\/v2\/media\/3757"}],"wp:attachment":[{"href":"https:\/\/www.arpeme.fr\/wordpress\/wp-json\/wp\/v2\/media?parent=3915"}],"wp:term":[{"taxonomy":"product_brand","embeddable":true,"href":"https:\/\/www.arpeme.fr\/wordpress\/wp-json\/wp\/v2\/product_brand?post=3915"},{"taxonomy":"product_cat","embeddable":true,"href":"https:\/\/www.arpeme.fr\/wordpress\/wp-json\/wp\/v2\/product_cat?post=3915"},{"taxonomy":"product_tag","embeddable":true,"href":"https:\/\/www.arpeme.fr\/wordpress\/wp-json\/wp\/v2\/product_tag?post=3915"}],"curies":[{"name":"wp","href":"https:\/\/api.w.org\/{rel}","templated":true}]}}